{"id":6156,"date":"2020-12-11T15:07:17","date_gmt":"2020-12-11T18:07:17","guid":{"rendered":"https:\/\/www.rrservicene.com.br\/loja\/?post_type=product&#038;p=6156"},"modified":"2020-12-11T15:07:18","modified_gmt":"2020-12-11T18:07:18","slug":"compressor-de-ar-de-parafuso-srp-3025-compact","status":"publish","type":"product","link":"https:\/\/www.rrservicene.com.br\/loja\/product\/compressor-de-ar-de-parafuso-srp-3025-compact\/","title":{"rendered":"COMPRESSOR DE AR DE PARAFUSO SRP-3025 COMPACT"},"content":{"rendered":"<table>\n<tbody>\n<tr>\n<th colspan=\"2\">DETALHES ADICIONAIS<\/th>\n<\/tr>\n<tr>\n<td width=\"50%\">Pot\u00eancia do motor<\/td>\n<td width=\"50%\">25 hp<\/td>\n<\/tr>\n<tr>\n<td width=\"50%\">Pot\u00eancia de motor<\/td>\n<td width=\"50%\">18,5 kW<\/td>\n<\/tr>\n<tr>\n<td width=\"50%\">N\u00famero de polos<\/td>\n<td width=\"50%\">2<\/td>\n<\/tr>\n<tr>\n<td width=\"50%\">Volume do reservat\u00f3rio<\/td>\n<td width=\"50%\">261 L<\/td>\n<\/tr>\n<tr>\n<td width=\"50%\">Peso L\u00edquido (Kg)<\/td>\n<td width=\"50%\">348<\/td>\n<\/tr>\n<tr>\n<td width=\"50%\">Peso Bruto (Kg)<\/td>\n<td width=\"50%\">383<\/td>\n<\/tr>\n<tr>\n<td width=\"50%\">Vaz\u00e3o Efetiva<\/td>\n<td width=\"50%\">102 &#8211; 89 &#8211; 80 pcm \/ 2888 &#8211; 2520 &#8211; 2265 l\/min<\/td>\n<\/tr>\n<tr>\n<td width=\"50%\">Press\u00e3o Nominal<\/td>\n<td width=\"50%\">7,5 &#8211; 9 &#8211; 11 bar \/ 104 &#8211; 131 &#8211; 160 psi<\/td>\n<\/tr>\n<tr>\n<td width=\"50%\">Dimens\u00e3o L x A x C (mm)<\/td>\n<td width=\"50%\">1550 x 1520 x 660<\/td>\n<\/tr>\n<tr>\n<td width=\"50%\">Voltagem<\/td>\n<td width=\"50%\">220\/380\/440v<\/td>\n<\/tr>\n<\/tbody>\n<\/table>\n","protected":false},"excerpt":{"rendered":"<p>Potente e econ\u00f4mico, o\u00a0<strong>Compressor de Ar de Parafuso SRP3025 Compact\u00a0<\/strong>possui 25hp de pot\u00eancia de motor,\u00a0261L de volume no reservat\u00f3rio e j\u00e1 vem com Chave El\u00e9trica instalada.<\/p>\n<p>Mesmo com a grande pot\u00eancia, o\u00a0<strong>Compressor de Ar de Parafuso SRP3025 Compact\u00a0<\/strong>possui apenas um metro e meio de largura. Isso possibilita a instala\u00e7\u00e3o deste equipamento nos mais diversos ambientes.<\/p>\n","protected":false},"featured_media":6157,"comment_status":"open","ping_status":"closed","template":"","meta":[],"_links":{"self":[{"href":"https:\/\/www.rrservicene.com.br\/loja\/wp-json\/wp\/v2\/product\/6156"}],"collection":[{"href":"https:\/\/www.rrservicene.com.br\/loja\/wp-json\/wp\/v2\/product"}],"about":[{"href":"https:\/\/www.rrservicene.com.br\/loja\/wp-json\/wp\/v2\/types\/product"}],"replies":[{"embeddable":true,"href":"https:\/\/www.rrservicene.com.br\/loja\/wp-json\/wp\/v2\/comments?post=6156"}],"version-history":[{"count":1,"href":"https:\/\/www.rrservicene.com.br\/loja\/wp-json\/wp\/v2\/product\/6156\/revisions"}],"predecessor-version":[{"id":6158,"href":"https:\/\/www.rrservicene.com.br\/loja\/wp-json\/wp\/v2\/product\/6156\/revisions\/6158"}],"wp:featuredmedia":[{"embeddable":true,"href":"https:\/\/www.rrservicene.com.br\/loja\/wp-json\/wp\/v2\/media\/6157"}],"wp:attachment":[{"href":"https:\/\/www.rrservicene.com.br\/loja\/wp-json\/wp\/v2\/media?parent=6156"}],"curies":[{"name":"wp","href":"https:\/\/api.w.org\/{rel}","templated":true}]}}

<table>
<tbody>
<tr>
<th colspan="2">DETALHES ADICIONAIS</th>
</tr>
<tr>
<td width="50%">Potência do motor</td>
<td width="50%">25 hp</td>
</tr>
<tr>
<td width="50%">Potência de motor</td>
<td width="50%">18,5 kW</td>
</tr>
<tr>
<td width="50%">Número de polos</td>
<td width="50%">2</td>
</tr>
<tr>
<td width="50%">Volume do reservatório</td>
<td width="50%">261 L</td>
</tr>
<tr>
<td width="50%">Peso Líquido (Kg)</td>
<td width="50%">348</td>
</tr>
<tr>
<td width="50%">Peso Bruto (Kg)</td>
<td width="50%">383</td>
</tr>
<tr>
<td width="50%">Vazão Efetiva</td>
<td width="50%">102 &#8211; 89 &#8211; 80 pcm / 2888 &#8211; 2520 &#8211; 2265 l/min</td>
</tr>
<tr>
<td width="50%">Pressão Nominal</td>
<td width="50%">7,5 &#8211; 9 &#8211; 11 bar / 104 &#8211; 131 &#8211; 160 psi</td>
</tr>
<tr>
<td width="50%">Dimensão L x A x C (mm)</td>
<td width="50%">1550 x 1520 x 660</td>
</tr>
<tr>
<td width="50%">Voltagem</td>
<td width="50%">220/380/440v</td>
</tr>
</tbody>
</table>

<p>Potente e econômico, o <strong>Compressor de Ar de Parafuso SRP3025 Compact </strong>possui 25hp de potência de motor, 261L de volume no reservatório e já vem com Chave Elétrica instalada.</p>
<p>Mesmo com a grande potência, o <strong>Compressor de Ar de Parafuso SRP3025 Compact </strong>possui apenas um metro e meio de largura. Isso possibilita a instalação deste equipamento nos mais diversos ambientes.</p>
